[INFO] fetching crate pair_stack 0.1.0...
[INFO] checking pair_stack-0.1.0 against master#cfbc6d4cf1acbac5c025acf8ed68929caa551df3 for pr-75494-beta
[INFO] extracting crate pair_stack 0.1.0 into /workspace/builds/worker-8/source
[INFO] validating manifest of crates.io crate pair_stack 0.1.0 on toolchain cfbc6d4cf1acbac5c025acf8ed68929caa551df3
[INFO] running `Command { std: "/workspace/cargo-home/bin/cargo" "+cfbc6d4cf1acbac5c025acf8ed68929caa551df3" "read-manifest" "--manifest-path" "Cargo.toml", kill_on_drop: false }`
[INFO] started tweaking crates.io crate pair_stack 0.1.0
[INFO] finished tweaking crates.io crate pair_stack 0.1.0
[INFO] tweaked toml for crates.io crate pair_stack 0.1.0 written to /workspace/builds/worker-8/source/Cargo.toml
[INFO] running `Command { std: "/workspace/cargo-home/bin/cargo" "+cfbc6d4cf1acbac5c025acf8ed68929caa551df3" "generate-lockfile" "--manifest-path" "Cargo.toml" "-Zno-index-update", kill_on_drop: false }`
[INFO] running `Command { std: "/workspace/cargo-home/bin/cargo" "+cfbc6d4cf1acbac5c025acf8ed68929caa551df3" "fetch" "--locked" "--manifest-path" "Cargo.toml", kill_on_drop: false }`
[INFO] [stderr]  Downloading crates ...
[INFO] [stderr]   Downloaded modifier v0.1.0
[INFO] [stderr]   Downloaded plugin v0.2.6
[INFO] [stderr]   Downloaded sequence_trie v0.3.6
[INFO] [stderr]   Downloaded traitobject v0.1.0
[INFO] [stderr]   Downloaded staticfile v0.5.0
[INFO] [stderr]   Downloaded typemap v0.3.3
[INFO] [stderr]   Downloaded persistent v0.4.0
[INFO] [stderr]   Downloaded scheduled-thread-pool v0.2.5
[INFO] [stderr]   Downloaded phf_codegen v0.7.24
[INFO] [stderr]   Downloaded hmac v0.8.1
[INFO] [stderr]   Downloaded tokio-postgres v0.5.5
[INFO] [stderr]   Downloaded router v0.6.0
[INFO] [stderr]   Downloaded hyper v0.10.16
[INFO] [stderr]   Downloaded async-trait v0.1.38
[INFO] [stderr]   Downloaded postgres-protocol v0.5.2
[INFO] [stderr]   Downloaded postgres-types v0.1.2
[INFO] [stderr]   Downloaded siphasher v0.2.3
[INFO] [stderr]   Downloaded fallible-iterator v0.2.0
[INFO] [stderr]   Downloaded siphasher v0.3.3
[INFO] [stderr]   Downloaded r2d2_postgres v0.16.0
[INFO] [stderr]   Downloaded md5 v0.7.0
[INFO] [stderr]   Downloaded postgres v0.17.5
[INFO] [stderr]   Downloaded phf_generator v0.7.24
[INFO] [stderr]   Downloaded iron v0.6.1
[INFO] [stderr]   Downloaded unsafe-any v0.4.2
[INFO] [stderr]   Downloaded phf_shared v0.7.24
[INFO] [stderr]   Downloaded safemem v0.3.3
[INFO] [stderr]   Downloaded base64 v0.9.3
[INFO] [stderr]   Downloaded r2d2 v0.8.9
[INFO] [stderr]   Downloaded route-recognizer v0.1.13
[INFO] [stderr]   Downloaded mime_guess v1.8.8
[INFO] [stderr]   Downloaded phf v0.7.24
[INFO] [stderr]   Downloaded mount v0.4.0
[INFO] running `Command { std: "docker" "create" "-v" "/var/lib/crater-agent-workspace/builds/worker-8/target:/opt/rustwide/target:rw,Z" "-v" "/var/lib/crater-agent-workspace/builds/worker-8/source:/opt/rustwide/workdir:ro,Z" "-v" "/var/lib/crater-agent-workspace/cargo-home:/opt/rustwide/cargo-home:ro,Z" "-v" "/var/lib/crater-agent-workspace/rustup-home:/opt/rustwide/rustup-home:ro,Z" "-e" "SOURCE_DIR=/opt/rustwide/workdir" "-e" "CARGO_TARGET_DIR=/opt/rustwide/target" "-e" "CARGO_HOME=/opt/rustwide/cargo-home" "-e" "RUSTUP_HOME=/opt/rustwide/rustup-home" "-w" "/opt/rustwide/workdir" "-m" "1610612736" "--user" "0:0" "--network" "none" "rustops/crates-build-env@sha256:a636fd89d022f18117e1dc8fb37a0a009933cdbbe082814857f0e2024962d47c" "/opt/rustwide/cargo-home/bin/cargo" "+cfbc6d4cf1acbac5c025acf8ed68929caa551df3" "metadata" "--no-deps" "--format-version=1", kill_on_drop: false }`
[INFO] [stdout] 56b7f117378ce9374efa7217ff3c5424a786eb80b582286a1189b997dc1a5da5
[INFO] [stderr] WARNING: Your kernel does not support swap limit capabilities or the cgroup is not mounted. Memory limited without swap.
[INFO] running `Command { std: "docker" "start" "-a" "56b7f117378ce9374efa7217ff3c5424a786eb80b582286a1189b997dc1a5da5", kill_on_drop: false }`
[INFO] running `Command { std: "docker" "inspect" "56b7f117378ce9374efa7217ff3c5424a786eb80b582286a1189b997dc1a5da5", kill_on_drop: false }`
[INFO] running `Command { std: "docker" "rm" "-f" "56b7f117378ce9374efa7217ff3c5424a786eb80b582286a1189b997dc1a5da5", kill_on_drop: false }`
[INFO] [stdout] 56b7f117378ce9374efa7217ff3c5424a786eb80b582286a1189b997dc1a5da5
[INFO] running `Command { std: "docker" "create" "-v" "/var/lib/crater-agent-workspace/builds/worker-8/target:/opt/rustwide/target:rw,Z" "-v" "/var/lib/crater-agent-workspace/builds/worker-8/source:/opt/rustwide/workdir:ro,Z" "-v" "/var/lib/crater-agent-workspace/cargo-home:/opt/rustwide/cargo-home:ro,Z" "-v" "/var/lib/crater-agent-workspace/rustup-home:/opt/rustwide/rustup-home:ro,Z" "-e" "SOURCE_DIR=/opt/rustwide/workdir" "-e" "CARGO_TARGET_DIR=/opt/rustwide/target" "-e" "CARGO_INCREMENTAL=0" "-e" "RUST_BACKTRACE=full" "-e" "RUSTFLAGS=--cap-lints=forbid" "-e" "CARGO_HOME=/opt/rustwide/cargo-home" "-e" "RUSTUP_HOME=/opt/rustwide/rustup-home" "-w" "/opt/rustwide/workdir" "-m" "1610612736" "--user" "0:0" "--network" "none" "rustops/crates-build-env@sha256:a636fd89d022f18117e1dc8fb37a0a009933cdbbe082814857f0e2024962d47c" "/opt/rustwide/cargo-home/bin/cargo" "+cfbc6d4cf1acbac5c025acf8ed68929caa551df3" "check" "--frozen" "--all" "--all-targets" "--message-format=json", kill_on_drop: false }`
[INFO] [stdout] 408056d2eb195be9618ad0303ce80afb7824d8f4b24cff63ea32aa1cff6d4841
[INFO] [stderr] WARNING: Your kernel does not support swap limit capabilities or the cgroup is not mounted. Memory limited without swap.
[INFO] running `Command { std: "docker" "start" "-a" "408056d2eb195be9618ad0303ce80afb7824d8f4b24cff63ea32aa1cff6d4841", kill_on_drop: false }`
[INFO] [stderr]    Compiling libc v0.2.76
[INFO] [stderr]     Checking cfg-if v0.1.10
[INFO] [stderr]    Compiling log v0.4.11
[INFO] [stderr]    Compiling autocfg v0.1.7
[INFO] [stderr]    Compiling rand_core v0.4.2
[INFO] [stderr]    Compiling proc-macro2 v1.0.19
[INFO] [stderr]    Compiling unicode-xid v0.2.1
[INFO] [stderr]     Checking matches v0.1.8
[INFO] [stderr]     Checking tinyvec v0.3.4
[INFO] [stderr]    Compiling byteorder v1.3.4
[INFO] [stderr]    Compiling typenum v1.12.0
[INFO] [stderr]    Compiling version_check v0.9.2
[INFO] [stderr]     Checking slab v0.4.2
[INFO] [stderr]     Checking futures-core v0.3.5
[INFO] [stderr]    Compiling pin-project-internal v0.4.23
[INFO] [stderr]     Checking bytes v0.5.6
[INFO] [stderr]    Compiling getrandom v0.1.14
[INFO] [stderr]     Checking futures-sink v0.3.5
[INFO] [stderr]    Compiling proc-macro-nested v0.1.6
[INFO] [stderr]    Compiling httparse v1.3.4
[INFO] [stderr]    Compiling proc-macro-hack v0.5.18
[INFO] [stderr]     Checking lazy_static v1.4.0
[INFO] [stderr]     Checking fnv v1.0.7
[INFO] [stderr]    Compiling autocfg v1.0.1
[INFO] [stderr]     Checking pin-utils v0.1.0
[INFO] [stderr]     Checking futures-io v0.3.5
[INFO] [stderr]     Checking instant v0.1.6
[INFO] [stderr]     Checking pin-project-lite v0.1.7
[INFO] [stderr]     Checking ppv-lite86 v0.2.9
[INFO] [stderr]     Checking scopeguard v1.1.0
[INFO] [stderr]     Checking percent-encoding v1.0.1
[INFO] [stderr]     Checking smallvec v1.4.2
[INFO] [stderr]     Checking opaque-debug v0.3.0
[INFO] [stderr]     Checking cpuid-bool v0.1.2
[INFO] [stderr]     Checking modifier v0.1.0
[INFO] [stderr]     Checking itoa v0.4.6
[INFO] [stderr]     Checking percent-encoding v2.1.0
[INFO] [stderr]     Checking try-lock v0.2.3
[INFO] [stderr]     Checking sequence_trie v0.3.6
[INFO] [stderr]     Checking tower-service v0.3.0
[INFO] [stderr]     Checking route-recognizer v0.1.13
[INFO] [stderr]     Checking unicode-bidi v0.3.4
[INFO] [stderr]    Compiling rand_core v0.3.1
[INFO] [stderr]    Compiling rand_jitter v0.1.4
[INFO] [stderr]     Checking futures-channel v0.3.5
[INFO] [stderr]     Checking tracing-core v0.1.14
[INFO] [stderr]     Checking unicode-normalization v0.1.13
[INFO] [stderr]     Checking lock_api v0.4.1
[INFO] [stderr]    Compiling rand_hc v0.1.0
[INFO] [stderr]    Compiling rand_isaac v0.1.1
[INFO] [stderr]    Compiling rand_xorshift v0.1.1
[INFO] [stderr]    Compiling generic-array v0.14.4
[INFO] [stderr]     Checking http v0.2.1
[INFO] [stderr]    Compiling unicase v1.4.2
[INFO] [stderr]    Compiling rand_chacha v0.1.1
[INFO] [stderr]    Compiling rand_pcg v0.1.2
[INFO] [stderr]    Compiling rand v0.6.5
[INFO] [stderr]     Checking plugin v0.2.6
[INFO] [stderr]     Checking log v0.3.9
[INFO] [stderr]     Checking want v0.3.0
[INFO] [stderr]    Compiling hashbrown v0.8.2
[INFO] [stderr]    Compiling indexmap v1.5.1
[INFO] [stderr]     Checking tracing v0.1.19
[INFO] [stderr]     Checking phf_shared v0.7.24
[INFO] [stderr]     Checking mime v0.2.6
[INFO] [stderr]     Checking phf v0.7.24
[INFO] [stderr]     Checking base64 v0.9.3
[INFO] [stderr]     Checking idna v0.1.5
[INFO] [stderr]     Checking stringprep v0.1.2
[INFO] [stderr]    Compiling quote v1.0.7
[INFO] [stderr]     Checking iovec v0.1.4
[INFO] [stderr]     Checking net2 v0.2.34
[INFO] [stderr]     Checking time v0.1.43
[INFO] [stderr]     Checking num_cpus v1.13.0
[INFO] [stderr]     Checking parking_lot_core v0.8.0
[INFO] [stderr]     Checking socket2 v0.3.12
[INFO] [stderr]    Compiling rand_os v0.1.3
[INFO] [stderr]    Compiling syn v1.0.39
[INFO] [stderr]     Checking rand_core v0.5.1
[INFO] [stderr]     Checking mio v0.6.22
[INFO] [stderr]     Checking parking_lot v0.11.0
[INFO] [stderr]     Checking url v1.7.2
[INFO] [stderr]     Checking rand_chacha v0.2.2
[INFO] [stderr]     Checking scheduled-thread-pool v0.2.5
[INFO] [stderr]     Checking r2d2 v0.8.9
[INFO] [stderr]     Checking rand v0.7.3
[INFO] [stderr]     Checking mio-uds v0.6.8
[INFO] [stderr]     Checking digest v0.9.0
[INFO] [stderr]     Checking block-buffer v0.9.0
[INFO] [stderr]     Checking crypto-mac v0.8.0
[INFO] [stderr]     Checking tokio v0.2.22
[INFO] [stderr]     Checking hyper v0.10.16
[INFO] [stderr]     Checking hmac v0.8.1
[INFO] [stderr]     Checking sha2 v0.9.1
[INFO] [stderr]     Checking http-body v0.3.1
[INFO] [stderr]    Compiling phf_generator v0.7.24
[INFO] [stderr]     Checking postgres-protocol v0.5.2
[INFO] [stderr]    Compiling phf_codegen v0.7.24
[INFO] [stderr]    Compiling mime_guess v1.8.8
[INFO] [stderr]     Checking postgres-types v0.1.2
[INFO] [stderr]     Checking iron v0.6.1
[INFO] [stderr]     Checking mount v0.4.0
[INFO] [stderr]     Checking router v0.6.0
[INFO] [stderr]     Checking persistent v0.4.0
[INFO] [stderr]     Checking staticfile v0.5.0
[INFO] [stderr]     Checking tokio-util v0.3.1
[INFO] [stderr]    Compiling futures-macro v0.3.5
[INFO] [stderr]    Compiling async-trait v0.1.38
[INFO] [stderr]     Checking pin-project v0.4.23
[INFO] [stderr]     Checking futures-util v0.3.5
[INFO] [stderr]     Checking futures-executor v0.3.5
[INFO] [stderr]     Checking h2 v0.2.6
[INFO] [stderr]     Checking futures v0.3.5
[INFO] [stderr]     Checking tokio-postgres v0.5.5
[INFO] [stderr]     Checking postgres v0.17.5
[INFO] [stderr]     Checking r2d2_postgres v0.16.0
[INFO] [stderr]     Checking hyper v0.13.7
[INFO] [stderr]     Checking pair_stack v0.1.0 (/opt/rustwide/workdir)
[INFO] [stdout] error[E0432]: unresolved import `postgres::SslMode`
[INFO] [stdout]   --> src/lib.rs:13:5
[INFO] [stdout]    |
[INFO] [stdout] 13 | use postgres::SslMode;
[INFO] [stdout]    |     ^^^^^^^^^^^^^^^^^ no `SslMode` in the root
[INFO] [stdout] 
[INFO] [stdout] 
[INFO] [stdout] error[E0432]: unresolved import `hyper::method`
[INFO] [stdout]   --> src/lib.rs:27:12
[INFO] [stdout]    |
[INFO] [stdout] 27 | use hyper::method::Method;
[INFO] [stdout]    |            ^^^^^^ could not find `method` in `hyper`
[INFO] [stdout] 
[INFO] [stdout] 
[INFO] [stdout] error[E0603]: struct `Config` is private
[INFO] [stdout]   --> src/lib.rs:16:11
[INFO] [stdout]    |
[INFO] [stdout] 16 | use r2d2::Config;
[INFO] [stdout]    |           ^^^^^^ private struct
[INFO] [stdout]    |
[INFO] [stdout] note: the struct `Config` is defined here
[INFO] [stdout]   --> /opt/rustwide/cargo-home/registry/src/github.com-1ecc6299db9ec823/r2d2-0.8.9/src/lib.rs:55:5
[INFO] [stdout]    |
[INFO] [stdout] 55 | use crate::config::Config;
[INFO] [stdout]    |     ^^^^^^^^^^^^^^^^^^^^^
[INFO] [stdout] 
[INFO] [stdout] 
[INFO] [stdout] error[E0107]: wrong number of type arguments: expected 1, found 0
[INFO] [stdout]   --> src/lib.rs:47:30
[INFO] [stdout]    |
[INFO] [stdout] 47 | pub type PostgresPool = Pool<PostgresConnectionManager>;
[INFO] [stdout]    |                              ^^^^^^^^^^^^^^^^^^^^^^^^^ expected 1 type argument
[INFO] [stdout] 
[INFO] [stdout] 
[INFO] [stdout] error[E0107]: wrong number of type arguments: expected 1, found 0
[INFO] [stdout]   --> src/lib.rs:48:54
[INFO] [stdout]    |
[INFO] [stdout] 48 | pub type PostgresPooledConnection = PooledConnection<PostgresConnectionManager>;
[INFO] [stdout]    |                                                      ^^^^^^^^^^^^^^^^^^^^^^^^^ expected 1 type argument
[INFO] [stdout] 
[INFO] [stdout] 
[INFO] [stdout] error: aborting due to 5 previous errors
[INFO] [stdout] 
[INFO] [stdout] 
[INFO] [stdout] Some errors have detailed explanations: E0107, E0432, E0603.
[INFO] [stdout] 
[INFO] [stdout] For more information about an error, try `rustc --explain E0107`.
[INFO] [stdout] 
[INFO] [stderr] error: could not compile `pair_stack`.
[INFO] [stderr] 
[INFO] [stderr] To learn more, run the command again with --verbose.
[INFO] [stderr] warning: build failed, waiting for other jobs to finish...
[INFO] [stdout] error[E0432]: unresolved import `postgres::SslMode`
[INFO] [stdout]   --> src/lib.rs:13:5
[INFO] [stdout]    |
[INFO] [stdout] 13 | use postgres::SslMode;
[INFO] [stdout]    |     ^^^^^^^^^^^^^^^^^ no `SslMode` in the root
[INFO] [stdout] 
[INFO] [stdout] 
[INFO] [stdout] error[E0432]: unresolved import `hyper::method`
[INFO] [stdout]   --> src/lib.rs:27:12
[INFO] [stdout]    |
[INFO] [stdout] 27 | use hyper::method::Method;
[INFO] [stdout]    |            ^^^^^^ could not find `method` in `hyper`
[INFO] [stdout] 
[INFO] [stdout] 
[INFO] [stdout] error[E0603]: struct `Config` is private
[INFO] [stdout]   --> src/lib.rs:16:11
[INFO] [stdout]    |
[INFO] [stdout] 16 | use r2d2::Config;
[INFO] [stdout]    |           ^^^^^^ private struct
[INFO] [stdout]    |
[INFO] [stdout] note: the struct `Config` is defined here
[INFO] [stdout]   --> /opt/rustwide/cargo-home/registry/src/github.com-1ecc6299db9ec823/r2d2-0.8.9/src/lib.rs:55:5
[INFO] [stdout]    |
[INFO] [stdout] 55 | use crate::config::Config;
[INFO] [stdout]    |     ^^^^^^^^^^^^^^^^^^^^^
[INFO] [stdout] 
[INFO] [stdout] 
[INFO] [stdout] error[E0107]: wrong number of type arguments: expected 1, found 0
[INFO] [stdout]   --> src/lib.rs:47:30
[INFO] [stdout]    |
[INFO] [stdout] 47 | pub type PostgresPool = Pool<PostgresConnectionManager>;
[INFO] [stdout]    |                              ^^^^^^^^^^^^^^^^^^^^^^^^^ expected 1 type argument
[INFO] [stdout] 
[INFO] [stdout] 
[INFO] [stdout] error[E0107]: wrong number of type arguments: expected 1, found 0
[INFO] [stdout]   --> src/lib.rs:48:54
[INFO] [stdout]    |
[INFO] [stdout] 48 | pub type PostgresPooledConnection = PooledConnection<PostgresConnectionManager>;
[INFO] [stdout]    |                                                      ^^^^^^^^^^^^^^^^^^^^^^^^^ expected 1 type argument
[INFO] [stdout] 
[INFO] [stdout] 
[INFO] [stdout] error: aborting due to 5 previous errors
[INFO] [stdout] 
[INFO] [stdout] 
[INFO] [stdout] Some errors have detailed explanations: E0107, E0432, E0603.
[INFO] [stdout] 
[INFO] [stdout] For more information about an error, try `rustc --explain E0107`.
[INFO] [stdout] 
[INFO] [stderr] error: build failed
[INFO] running `Command { std: "docker" "inspect" "408056d2eb195be9618ad0303ce80afb7824d8f4b24cff63ea32aa1cff6d4841", kill_on_drop: false }`
[INFO] running `Command { std: "docker" "rm" "-f" "408056d2eb195be9618ad0303ce80afb7824d8f4b24cff63ea32aa1cff6d4841", kill_on_drop: false }`
[INFO] [stdout] 408056d2eb195be9618ad0303ce80afb7824d8f4b24cff63ea32aa1cff6d4841
